 (base 16) to base 5.
-10321004
13004321 (base 6) to base 4
1212300121
-2ae495 (base 15) to base 2
-111111010001011001010
What is 3929 (base 14) in base 7?
41152
What is d7882 (base 14) in base 15?
a4268
Convert -47087 (base 9) to base 13.
-113c5
-570304 (base 8) to base 16
-2f0c4
Convert 114573 (base 8) to base 9.
58806
Convert -1100000111110011 (base 2) to base 13.
-197a4
What is -3f33a (base 16) in base 5?
-31240444
Convert 27481 (base 14) to base 12.
48121
-3461180 (base 9) to base 13
-506682
Convert -45049 (base 10) to base 11.
-30934
435313 (base 8) to base 10
146123
-16601563 (base 7) to base 13
-45144a
a229a (base 15) to base 12
209277
10433cc (base 13) to base 4
102320011133
What is -2617 (base 16) in base 11?
-7365
Convert -869bcb (base 16) to base 15.
-b93c8c
-1221102030 (base 4) to base 5
-102244434
Convert 45123233 (base 6) to base 13.
389ba4
What is 3242333 (base 7) in base 6?
12302022
What is 16533 (base 14) in base 12?
28429
-1542e5c (base 15) to base 5
-12420244422
What is -112211112120211 (base 3) in base 14?
-109318d
Convert -120303 (base 10) to base 8.
-352757
Convert 103573 (base 9) to base 8.
170413
429899 (base 12) to base 11
65a668
1110100001100010 (base 2) to base 11
40772
-1000010001111000100000011 (base 2) to base 5
-13421110303
What is 1a1a4d0 (base 14) in base 7?
215165550
What is 7980b9 (base 12) in base 10?
1942413
Convert -326555 (base 7) to base 5.
-3320231
1304102324 (base 5) to base 13
87955a
-66113 (base 16) to base 5
-101334232
What is -4731027 (base 9) in base 2?
-1001110000111000111000
What is -1200139 (base 10) in base 11?
-74a756
What is 1043523352 (base 6) in base 12?
3989558
Convert 5210462 (base 8) to base 15.
1c413d
What is 644421 (base 7) in base 10?
112029
2128281 (base 10) to base 13
59694c
What is -86703 (base 11) in base 9?
-211710
What is 39e43 (base 15) in base 11?
117383
100011100101101010110 (base 2) to base 15
1807e6
What is -288102 (base 9) in base 5?
-21122001
Convert 716404 (base 13) to base 5.
1134011344
What is -377a15 (base 15) in base 16?
-28905b
Convert -16eee (base 15) to base 8.
-221011
44bab7 (base 12) to base 16
10c46b
Convert 23234 (base 13) to base 12.
31112
-1b3cca (base 14) to base 4
-3231012122
What is -9667a (base 11) in base 7?
-1123551
What is 12ede (base 16) in base 2?
10010111011011110
What is -4441236 (base 7) in base 9?
-1024513
-1565127 (base 8) to base 15
-8e43c
Convert 7122e (base 16) to base 11.
297189
What is 1855b (base 13) in base 9?
71486
What is -8eb6 (base 15) in base 2?
-111011001110001
What is 9091347 (base 10) in base 14?
12c925d
What is 4401205 (base 9) in base 16?
240de8
745302 (base 9) to base 3
211112100002
What is -131808b (base 12) in base 8?
-16275553
Convert 899b9 (base 14) to base 6.
11054023
Convert -532365 (base 8) to base 14.
-48913
What is 2501564 (base 7) in base 2?
1001110000111011111
Convert -216172 (base 9) to base 12.
-6290b
-110221211121 (base 3) to base 5
-31130111
110000001111111011 (base 2) to base 6
4122535
What is -1354748 (base 10) in base 2?
-101001010101111111100
ab29a5 (base 13) to base 15
54a01b
-52034102 (base 6) to base 11
-933340
-31b6fe (base 16) to base 15
-445575
What is 2a01a8 (base 11) in base 10?
468751
What is -17605c (base 14) in base 3?
-1112211022221
-162122 (base 8) to base 7
-332260
Convert -1886606 (base 9) to base 4.
-10003011003
What is 5b922 (base 12) in base 6?
2354042
Convert -2cba51 (base 16) to base 3.
-12111220221222
What is -2231001210 (base 4) in base 6?
-23105020
-233030141 (base 5) to base 16
-103de5
-1001435010 (base 6) to base 2
-100110110000100100101110
-65422726 (base 8) to base 10
-14034390
Convert 10021120022201 (base 3) to base 11.
a90825
What is -1033332330 (base 4) in base 6?
-11004420
What is 20123031323 (base 4) in base 14?
416c79
Convert -3348332 (base 11) to base 7.
-100605154
-1010110000101000 (base 2) to base 16
-ac28
Convert 3242454 (base 6) to base 5.
20130224
-e07e2 (base 15) to base 13
-1bb549
11011010011111010100 (base 2) to base 9
1613548
b646a (base 15) to base 10
578125
Convert -4a231 (base 12) to base 15.
-1ebd4
What is 221443035 (base 6) in base 7?
46010510
141374 (base 15) to base 14
1b20a6
What is 210020355 (base 6) in base 13?
9a6895
Convert 22022220210 (base 4) to base 5.
1140234441
What is -140517 (base 10) in base 4?
-202103211
Convert 21212022212201 (base 3) to base 16.
3fc544
-53712435 (base 8) to base 2
-101011111001010100011101
What is -951293 (base 10) in base 4?
-3220033331
1100001001001110011 (base 2) to base 11
251a83
What is 626041 (base 7) in base 13?
3a060
-1010001100101110011011 (base 2) to base 3
-12000211102212
Convert 13303414 (base 5) to base 4.
200323023
-113100320 (base 4) to base 9
-154635
Convert 10bc3 (base 16) to base 9.
114023
Convert 10001001111100100 (base 2) to base 7.
412625
Convert 161671 (base 8) to base 12.
298a1
368918a (base 11) to base 12
219180b
Convert -6331b (base 15) to base 7.
-2450063
Convert 46796 (base 12) to base 11.
64a4a
Convert -20212332211 (base 4) to base 11.
-1301631
What is -2cb62 (base 13) in base 14?
-231bb
-7549d (base 15) to base 16
-5ae4a
Convert -2511500 (base 9) to base 2.
-101001101011100111110
Convert -33111302 (base 4) to base 5.
-4002314
Convert -472212 (base 12) to base 4.
-10113112232
Convert -42132340 (base 5) to base 3.
-122201212110
What is -878006 (base 10) in base 15?
-12523b
10a13 (base 11) to base 9
23677
-9732b (base 13) to base 4
-1002221030
What is 1434104 (base 5) in base 13?
10b85
Convert -32112312101 (base 4) to base 14.
-6dd809
Convert 20110120 (base 4) to base 10.
34072
-111111011010011010001 (base 2) to base 15
-2b0a20
What is -122223202 (base 4) in base 13?
-3a984
-3fb56 (base 16) to base 8
-775526
11b55 (base 13) to base 6
411155
What is -2112012121 (base 3) in base 4?
-30020323
11122122133 (base 4) to base 11
88a05a
-dae7 (base 15) to base 13
-1812a
905b54 (base 13) to base 7
40341013
Convert 2003130110 (base 4) to base 14.
1002c4
-10caa2 (base 14) to base 12
-23761a
Convert -656669 (base 10) to base 12.
-278025
-66929 (base 10) to base 9
-111725
Convert -33212311 (base 4) to base 7.
-354241
Convert 103676 (base 9) to base 14.
18739
Convert -291b60c (base 13) to base 6.
-1143404025
-504624 (base 9) to base 14
-7abb7
-12231213 (base 5) to base 16
-1cbb3
What is 77063a (base 14) in base 2?
1111011001000101011100
What is 79225 (base 10) in base 7?
446656
What is -59861 (base 10) in base 4?
-32213111
Convert -28db0 (base 15) to base 8.
-400414
What is -10a541 (base 13) in base 5?
-100103121
Convert 14e87 (base 16) to base 11.
59384
d6688 (base 16) to base 3
1122121200112
Convert 75040 (base 14) to base 9.
470687
Convert 26b0c (base 13) to base 7.
420265
What is a832 (base 13) in base 15?
6dc8
Convert 241312 (base 6) to base 12.
10238
1010100001000101010111 (base 2) to base 11
161337a
What is 3014101 (base 5) in base 14?
13706
Convert -13b88 (base 12) to base 14.
-a0c0
Convert 11110100001100011 (base 2) to base 15.
270a2
What is -2000002404 (base 5) in base 9?
-7313761
What is -1101010110010110 (base 2) in base 12?
-27786
-787544 (base 16) to base 4
-132013111010
-1032233301 (base 4) to base 15
-65880
2a2313 (base 12) to base 16
ad13f
Convert -1010010000100100101 (base 2) to base 14.
-8a71b
What is 1011120220011020 (base 3) in base 12?
5757006
Convert 2201012210110 (base 3) to base 2.
101011111110100111011
Convert 18dd2 (base 15) to base 2.
10011101101101011
-7630761 (base 11) to base 3
-221020101220100
-22002 (base 13) to base 5
-3432033
What is 3434204 (base 8) in base 16?
e3884
214342 (base 8) to base 3
10122122012
What is 8911b7 (base 15) in base 12?
2231591
-45412331 (base 6) to base 13
-396b11
What is 22022102020 (base 3) in base 13?
59607
What is 1432123315 (base 6) in base 16?
10eb27f
What is 2015550 (base 6) in base 2?
10111011010011010
-21001211011 (base 3) to base 14
-389a4
-360c38 (base 13) to base 12
-520b88
295ed9 (base 16) to base 11
159200a
Convert -378264 (base 12) to base 14.
-198188
45443025 (base 7) to base 13
a88793
Convert f3e2 (base 16) to base 13.
22558
What is -134202025 (base 6) in base 10?
-2722049
-1213000333 (base 4) to base 16
-6703f
What is 188211 (base 9) in base 3?
12222020101
34ba2b (base 15) to base 13
6a3064
-3440013 (base 5) to base 6
-1154255
-111001